{"id":211,"date":"2024-06-17T15:09:19","date_gmt":"2024-06-17T13:09:19","guid":{"rendered":"https:\/\/dujala.fr\/?page_id=211"},"modified":"2024-07-19T18:12:01","modified_gmt":"2024-07-19T16:12:01","slug":"deroule-dun-sejour","status":"publish","type":"page","link":"https:\/\/dujala.fr\/index.php\/deroule-dun-sejour\/","title":{"rendered":"Vive l&#8217;\u00e9t\u00e9 !"},"content":{"rendered":"\n<p class=\"has-text-align-center\">Lors des s\u00e9jours, le programme est adapt\u00e9 en fonction de l&#8217;\u00e2ge des enfants accueillis et de leurs envies. Ce programme est donn\u00e9 \u00e0 titre purement informatif.<\/p>\n\n\n\n<p class=\"has-text-align-center\">Lorsque les enfants sont tous arriv\u00e9s, le s\u00e9jour commence par des jeux d&#8217;inter-connaissance. Ensuite, les enfants s&#8217;installent et partagent leur premier d\u00eener ensemble avant d&#8217;aller se coucher<\/p>\n\n\n\n<p class=\"has-text-align-center\">Les matins sont g\u00e9n\u00e9ralement d\u00e9di\u00e9s au jardin, \u00e0 la cuisine et aux activit\u00e9s cr\u00e9atives. Nous prenons un temps le lundi matin tous ensemble pour en d\u00e9finir les grandes lignes.<\/p>\n\n\n\n<p>Apr\u00e8s le d\u00e9jeuner, les enfants ont la possibilit\u00e9 de se reposer un peu puis, si la m\u00e9t\u00e9o le permet, une activit\u00e9 \u00e0 l&#8217;ext\u00e9rieur est propos\u00e9e (g\u00e9ocaching, jeu de plein air, etc)<\/p>\n\n\n\n<p class=\"has-text-align-center\">Apr\u00e8s le go\u00fbter, c&#8217;est l&#8217;heure d&#8217;un temps plus calme autour, pourquoi pas, d&#8217;un jeu de soci\u00e9t\u00e9 ! C&#8217;est \u00e9galement l&#8217;heure des douches et de la pr\u00e9paration du d\u00eener.<\/p>\n\n\n\n<p class=\"has-text-align-center\">Une sortie peut \u00eatre propos\u00e9e durant la semaine (ex : Les jardins de Broc\u00e9liande)<\/p>\n\n\n\n<p class=\"has-text-align-center\">Quand la fin du s\u00e9jour approche, les enfants sont invit\u00e9s \u00e0 pr\u00e9parer un repas plus festif et pourront profiter de quelques jeux apr\u00e8s le d\u00eener pour faire durer la derni\u00e8re soir\u00e9e ! <\/p>\n\n\n\n<p class=\"has-text-align-center\">Le dernier jour, on en profite ! Un grand jeu est organis\u00e9 l&#8217;apr\u00e8s-midi pour profiter des derniers moments ensemble. <\/p>\n\n\n\n<div class=\"wp-block-buttons is-content-justification-center is-layout-flex wp-container-core-buttons-is-layout-16018d1d wp-block-buttons-is-layout-flex\">\n<div class=\"wp-block-button\"><a class=\"wp-block-button__link wp-element-button\" href=\"https:\/\/dujala.fr\/index.php\/le-calendrier\/\">RETOUR AU CALENDRIER<\/a><\/div>\n<\/div>\n","protected":false},"excerpt":{"rendered":"<p>Lors des s\u00e9jours, le programme est adapt\u00e9 en fonction de l&#8217;\u00e2ge des enfants accueillis et de leurs envies. Ce programme est donn\u00e9 \u00e0 titre purement informatif. Lorsque les enfants sont tous arriv\u00e9s, le s\u00e9jour commence par des jeux d&#8217;inter-connaissance. Ensuite, les enfants s&#8217;installent et partagent leur premier d\u00eener ensemble avant d&#8217;aller se coucher Les matins [&hellip;]<\/p>\n","protected":false},"author":1,"featured_media":0,"parent":0,"menu_order":0,"comment_status":"closed","ping_status":"closed","template":"","meta":{"footnotes":""},"class_list":["post-211","page","type-page","status-publish","hentry"],"yoast_head":"<!-- This site is optimized with the Yoast SEO plugin v23.6 - https:\/\/yoast.com\/wordpress\/plugins\/seo\/ -->\n<title>Vive l&#039;\u00e9t\u00e9 ! - DUJALA<\/title>\n<meta name=\"robots\" content=\"index, follow, max-snippet:-1, max-image-preview:large, max-video-preview:-1\" \/>\n<link rel=\"canonical\" href=\"https:\/\/dujala.fr\/index.php\/deroule-dun-sejour\/\" \/>\n<meta property=\"og:locale\" content=\"en_US\" \/>\n<meta property=\"og:type\" content=\"article\" \/>\n<meta property=\"og:title\" content=\"Vive l&#039;\u00e9t\u00e9 ! - DUJALA\" \/>\n<meta property=\"og:description\" content=\"Lors des s\u00e9jours, le programme est adapt\u00e9 en fonction de l&#8217;\u00e2ge des enfants accueillis et de leurs envies. Ce programme est donn\u00e9 \u00e0 titre purement informatif. Lorsque les enfants sont tous arriv\u00e9s, le s\u00e9jour commence par des jeux d&#8217;inter-connaissance. Ensuite, les enfants s&#8217;installent et partagent leur premier d\u00eener ensemble avant d&#8217;aller se coucher Les matins [&hellip;]\" \/>\n<meta property=\"og:url\" content=\"https:\/\/dujala.fr\/index.php\/deroule-dun-sejour\/\" \/>\n<meta property=\"og:site_name\" content=\"DUJALA\" \/>\n<meta property=\"article:publisher\" content=\"https:\/\/www.facebook.com\/people\/Dujala\/61561464423899\/\" \/>\n<meta property=\"article:modified_time\" content=\"2024-07-19T16:12:01+00:00\" \/>\n<meta name=\"twitter:card\" content=\"summary_large_image\" \/>\n<meta name=\"twitter:label1\" content=\"Est. reading time\" \/>\n\t<meta name=\"twitter:data1\" content=\"1 minute\" \/>\n<script type=\"application\/ld+json\" class=\"yoast-schema-graph\">{\"@context\":\"https:\/\/schema.org\",\"@graph\":[{\"@type\":\"WebPage\",\"@id\":\"https:\/\/dujala.fr\/index.php\/deroule-dun-sejour\/\",\"url\":\"https:\/\/dujala.fr\/index.php\/deroule-dun-sejour\/\",\"name\":\"Vive l'\u00e9t\u00e9 ! - DUJALA\",\"isPartOf\":{\"@id\":\"https:\/\/dujala.fr\/#website\"},\"datePublished\":\"2024-06-17T13:09:19+00:00\",\"dateModified\":\"2024-07-19T16:12:01+00:00\",\"breadcrumb\":{\"@id\":\"https:\/\/dujala.fr\/index.php\/deroule-dun-sejour\/#breadcrumb\"},\"inLanguage\":\"en-US\",\"potentialAction\":[{\"@type\":\"ReadAction\",\"target\":[\"https:\/\/dujala.fr\/index.php\/deroule-dun-sejour\/\"]}]},{\"@type\":\"BreadcrumbList\",\"@id\":\"https:\/\/dujala.fr\/index.php\/deroule-dun-sejour\/#breadcrumb\",\"itemListElement\":[{\"@type\":\"ListItem\",\"position\":1,\"name\":\"Accueil\",\"item\":\"https:\/\/dujala.fr\/\"},{\"@type\":\"ListItem\",\"position\":2,\"name\":\"Vive l&rsquo;\u00e9t\u00e9 !\"}]},{\"@type\":\"WebSite\",\"@id\":\"https:\/\/dujala.fr\/#website\",\"url\":\"https:\/\/dujala.fr\/\",\"name\":\"DUJALA\",\"description\":\"Une pause au rythme de la nature\",\"publisher\":{\"@id\":\"https:\/\/dujala.fr\/#organization\"},\"potentialAction\":[{\"@type\":\"SearchAction\",\"target\":{\"@type\":\"EntryPoint\",\"urlTemplate\":\"https:\/\/dujala.fr\/?s={search_term_string}\"},\"query-input\":{\"@type\":\"PropertyValueSpecification\",\"valueRequired\":true,\"valueName\":\"search_term_string\"}}],\"inLanguage\":\"en-US\"},{\"@type\":\"Organization\",\"@id\":\"https:\/\/dujala.fr\/#organization\",\"name\":\"DUJALA\",\"url\":\"https:\/\/dujala.fr\/\",\"logo\":{\"@type\":\"ImageObject\",\"inLanguage\":\"en-US\",\"@id\":\"https:\/\/dujala.fr\/#\/schema\/logo\/image\/\",\"url\":\"https:\/\/dujala.fr\/wp-content\/uploads\/2024\/04\/cropped-Capture-decran-2021-01-18-143952.png\",\"contentUrl\":\"https:\/\/dujala.fr\/wp-content\/uploads\/2024\/04\/cropped-Capture-decran-2021-01-18-143952.png\",\"width\":364,\"height\":511,\"caption\":\"DUJALA\"},\"image\":{\"@id\":\"https:\/\/dujala.fr\/#\/schema\/logo\/image\/\"},\"sameAs\":[\"https:\/\/www.facebook.com\/people\/Dujala\/61561464423899\/\"]}]}<\/script>\n<!-- \/ Yoast SEO plugin. -->","yoast_head_json":{"title":"Vive l'\u00e9t\u00e9 ! - DUJALA","robots":{"index":"index","follow":"follow","max-snippet":"max-snippet:-1","max-image-preview":"max-image-preview:large","max-video-preview":"max-video-preview:-1"},"canonical":"https:\/\/dujala.fr\/index.php\/deroule-dun-sejour\/","og_locale":"en_US","og_type":"article","og_title":"Vive l'\u00e9t\u00e9 ! - DUJALA","og_description":"Lors des s\u00e9jours, le programme est adapt\u00e9 en fonction de l&#8217;\u00e2ge des enfants accueillis et de leurs envies. Ce programme est donn\u00e9 \u00e0 titre purement informatif. Lorsque les enfants sont tous arriv\u00e9s, le s\u00e9jour commence par des jeux d&#8217;inter-connaissance. Ensuite, les enfants s&#8217;installent et partagent leur premier d\u00eener ensemble avant d&#8217;aller se coucher Les matins [&hellip;]","og_url":"https:\/\/dujala.fr\/index.php\/deroule-dun-sejour\/","og_site_name":"DUJALA","article_publisher":"https:\/\/www.facebook.com\/people\/Dujala\/61561464423899\/","article_modified_time":"2024-07-19T16:12:01+00:00","twitter_card":"summary_large_image","twitter_misc":{"Est. reading time":"1 minute"},"schema":{"@context":"https:\/\/schema.org","@graph":[{"@type":"WebPage","@id":"https:\/\/dujala.fr\/index.php\/deroule-dun-sejour\/","url":"https:\/\/dujala.fr\/index.php\/deroule-dun-sejour\/","name":"Vive l'\u00e9t\u00e9 ! - DUJALA","isPartOf":{"@id":"https:\/\/dujala.fr\/#website"},"datePublished":"2024-06-17T13:09:19+00:00","dateModified":"2024-07-19T16:12:01+00:00","breadcrumb":{"@id":"https:\/\/dujala.fr\/index.php\/deroule-dun-sejour\/#breadcrumb"},"inLanguage":"en-US","potentialAction":[{"@type":"ReadAction","target":["https:\/\/dujala.fr\/index.php\/deroule-dun-sejour\/"]}]},{"@type":"BreadcrumbList","@id":"https:\/\/dujala.fr\/index.php\/deroule-dun-sejour\/#breadcrumb","itemListElement":[{"@type":"ListItem","position":1,"name":"Accueil","item":"https:\/\/dujala.fr\/"},{"@type":"ListItem","position":2,"name":"Vive l&rsquo;\u00e9t\u00e9 !"}]},{"@type":"WebSite","@id":"https:\/\/dujala.fr\/#website","url":"https:\/\/dujala.fr\/","name":"DUJALA","description":"Une pause au rythme de la nature","publisher":{"@id":"https:\/\/dujala.fr\/#organization"},"potentialAction":[{"@type":"SearchAction","target":{"@type":"EntryPoint","urlTemplate":"https:\/\/dujala.fr\/?s={search_term_string}"},"query-input":{"@type":"PropertyValueSpecification","valueRequired":true,"valueName":"search_term_string"}}],"inLanguage":"en-US"},{"@type":"Organization","@id":"https:\/\/dujala.fr\/#organization","name":"DUJALA","url":"https:\/\/dujala.fr\/","logo":{"@type":"ImageObject","inLanguage":"en-US","@id":"https:\/\/dujala.fr\/#\/schema\/logo\/image\/","url":"https:\/\/dujala.fr\/wp-content\/uploads\/2024\/04\/cropped-Capture-decran-2021-01-18-143952.png","contentUrl":"https:\/\/dujala.fr\/wp-content\/uploads\/2024\/04\/cropped-Capture-decran-2021-01-18-143952.png","width":364,"height":511,"caption":"DUJALA"},"image":{"@id":"https:\/\/dujala.fr\/#\/schema\/logo\/image\/"},"sameAs":["https:\/\/www.facebook.com\/people\/Dujala\/61561464423899\/"]}]}},"_links":{"self":[{"href":"https:\/\/dujala.fr\/index.php\/wp-json\/wp\/v2\/pages\/211","targetHints":{"allow":["GET"]}}],"collection":[{"href":"https:\/\/dujala.fr\/index.php\/wp-json\/wp\/v2\/pages"}],"about":[{"href":"https:\/\/dujala.fr\/index.php\/wp-json\/wp\/v2\/types\/page"}],"author":[{"embeddable":true,"href":"https:\/\/dujala.fr\/index.php\/wp-json\/wp\/v2\/users\/1"}],"replies":[{"embeddable":true,"href":"https:\/\/dujala.fr\/index.php\/wp-json\/wp\/v2\/comments?post=211"}],"version-history":[{"count":4,"href":"https:\/\/dujala.fr\/index.php\/wp-json\/wp\/v2\/pages\/211\/revisions"}],"predecessor-version":[{"id":234,"href":"https:\/\/dujala.fr\/index.php\/wp-json\/wp\/v2\/pages\/211\/revisions\/234"}],"wp:attachment":[{"href":"https:\/\/dujala.fr\/index.php\/wp-json\/wp\/v2\/media?parent=211"}],"curies":[{"name":"wp","href":"https:\/\/api.w.org\/{rel}","templated":true}]}}